3*p. What is the tens digit of d?
2
Let z(p) = 541*p - 922. What is the tens digit of z(12)?
7
Suppose 0 = -5*p + 9*p - 524. What is the hundreds digit of p?
1
Suppose 3*d + 2*h - 10 = 0, 17 = 3*d - 5*h - 0*h. Suppose -6*i + d*i = -42. What is the units digit of i?
1
Suppose 5*w + 4*c - 1426 = 0, -850 = w - 4*w - c. What is the units digit of w?
2
Let c(g) = 3*g**3 + 5*g**2 + 5. Let l(y) = -3*y**3 - 4*y**2 + y - 4. Let r(u) = -2*c(u) - 3*l(u). What is the units digit of r(3)?
2
Suppose 0 = -3*m - 89 + 17. Let t = m - -22. What is the tens digit of (1464/60)/(t/(-5))?
6
Let q(h) = 4*h + 7. Let g be q(-10). Let i = -43 - g. Let w = 36 + i. What is the tens digit of w?
2
Let p(o) = 56*o**2 + 11*o - 23. What is the units digit of p(-4)?
9
Let d(m) = -m. Let i(a) = -a - 1. Let w(c) = 6*d(c) + i(c). What is the tens digit of w(-4)?
2
Let g be (30/(-45))/(1/(-12)). Suppose -3*z + 3*o + g + 10 = 0, -5*z + 10 = -o. Let n(r) = 21*r**2 + r. What is the tens digit of n(z)?
2
Suppose -5*d = -3*d - 4. Suppose -d*u - 2*u = -444. What is the tens digit of u?
1
Let f(y) = 17*y**2 - 4*y - 41. What is the tens digit of f(8)?
1
Let v = 3 - 1. Suppose v*x = -2*x + n + 181, 0 = -n + 3. Suppose -3*r = u - 23, -2*u + x = -0*u + 4*r. What is the units digit of u?
3
Let y = -32 + 120. Let l = -58 + y. What is the tens digit of l?
3
Suppose 4*u + 1876 = 3*n, 0 = -5*n + 18*u - 14*u + 3116. What is the hundreds digit of n?
6
Let t be -2 + 0 - (-135 + -5). Suppose 5*y = -1 + 286. Suppose 2*k - d = y, 7*k - t = 2*k + d. What is the units digit of k?
7
Let w(h) = h**3 - 14*h**2 - 10*h - 22. Let u be (-9)/(-18) - 29/(-2). What is the units digit of w(u)?
3
Let j(t) = t**2 + 3*t - 7. Let h(z) = z**3 - 18*z**2 + 17*z + 3. Let w be h(17). Suppose 4*u = -w*d + 27, -10 = -2*d - 5*u + 15. What is the tens digit of j(d)?
3
Let r(a) = 123*a**3 + 3*a**2 - a - 1. What is the tens digit of r(2)?
9
What is the tens digit of ((1846 + -14)/8)/((-2)/(-4))?
5
Suppose w - 3*w + 44 = -4*o, 0 = w - 3*o - 19. Suppose 0*k - k + 53 = -3*n, -k + w = 2*n. Let q = k - 24. What is the units digit of q?
4
Suppose 5*q = 2*q + 6. Suppose -2*l + q*t + 80 = 0, 0*t = l + 5*t - 58. Let o = l + -7. What is the tens digit of o?
3
Suppose -7 = 2*u - u + 3*j, 5*u - j - 13 = 0. What is the units digit of (7/7)/(u/22)?
1
Suppose -368 = -3*r - 44. Suppose -3*d - r = -5*d. Suppose -2*i - d - 1 = -3*n, -5*i - 85 = -4*n. What is the units digit of n?
5
Suppose h + 686 = v - 3*h, 2*v - 4*h = 1384. What is the tens digit of v?
9
What is the tens digit of ((-95)/(-5))/((6 + -5)/7)?
3
Let w be 0/5*(1 - 3/2). Suppose w = -t + 5*t + 5*f - 937, 2*t - 471 = -3*f. What is the units digit of t?
8
Let c = 107 - -52. Let l = c - 99. Suppose 2*w + 3*w = l. What is the tens digit of w?
1
Suppose 0 = z + 3*f - 134, -2*f + 3*f - 293 = -2*z. What is the units digit of z?
9
Let q(n) = 63*n + 79. What is the hundreds digit of q(21)?
4
Let w = 73 - 43. Suppose 0 = -t - 4, 5*l + 2*t - 17 = -0*t. Suppose 0*r = -l*r + w. What is the units digit of r?
6
Let d = 14 + -13. Let a = d + 1. Suppose -29 = -a*m + 33. What is the units digit of m?
1
Suppose j = -3*m - 4*j + 930, 4*m = -2*j + 1254. What is the hundreds digit of m?
3
Let q(u) = -u**2 + 15*u - 14. Let n be q(13). Suppose -8*l + 10*l = -n. Let p = 8 - l. What is the tens digit of p?
1
Let n = 33 + -13. Let s be (-37)/(1 - n/16). What is the tens digit of s/10 - (-5)/25?
1
Let v(c) = c**3 - 12*c**2 - 16*c - 9. Let r be v(13). Let w = 17 + r. What is the units digit of w/(-5) + (-3)/15?
6
Let z(j) = -17*j - 38*j - 10 - 20*j - 27. What is the tens digit of z(-4)?
6
Let b be 4/10 + 66/10. Let o(k) = -5*k - 20. Let j(v) = 4*v + 19. Let z(p) = 6*j(p) + 5*o(p). What is the units digit of z(b)?
7
Let f(r) = -r**3 - 4*r**2 - 2*r + 4. Let g be -3 + (-4)/(-2) + -3. What is the units digit of f(g)?
2
Let j(h) = -h**2 + 2*h + 3. Let k be j(-9). Let g = k + 276. What is the units digit of g?
0
Let x(o) = -o**3 + 11*o**2 - 6*o + 4. Let l(r) = r**3 - 4*r**2 - 11*r + 4. Let w be l(6). What is the units digit of x(w)?
4
Let w(t) = -t**2 + 1. Let d be w(3). Let z be (6 - 2)/(d/108). Let q = -37 - z. What is the tens digit of q?
1
Suppose -2*w = 3*s - 257, 0 = -3*s - 3*w + 7 + 251. What is the units digit of s/1 - (-6 - -8)?
3
Let q(x) = 3*x**2 - x. Let l be -1 + 4 + 0 + 2. Suppose l*k + 5 = 5*u, 0 = -0*k + 3*k + u + 7. What is the units digit of q(k)?
4
Let z = 20 + -22. What is the hundreds digit of 170*(z - (1 + -4))?
1
Let q = -45 - -1. Let u be (-8 + q)*(-3)/4. Suppose -5*v - 2*p + 155 = 0, -4*v + 4*p = -85 - u. What is the units digit of v?
1
Let z = 31 - 32. What is the hundreds digit of (-5)/(-20) + 1710/8 + z?
2
Let j(b) = -b**2 + 23*b + 30. Let p be j(24). Suppose -3*c - 5*l = -p + 4, -4*c + 56 = -4*l. What is the units digit of c?
9
Let z(x) = x**3 + 5*x**2 + 2. Let g be z(-5). Suppose 0 = -3*c + 6, -j + 0*j + c = -g. Suppose 2*t = j*t - 40. What is the tens digit of t?
2
Suppose 2*c - 4*c - 22 = -4*i, 34 = -2*c - 2*i. Suppose 62 = -2*p + 6. Let g = c - p. What is the units digit of g?
3
Let w(t) = 3*t**2 - 2*t + 5. Suppose -3*c + 16 = -2. What is the units digit of w(c)?
1
Let x be (-2 - -4) + 0 - -2. Suppose 2*t + 3*t = -x*j + 1890, t - 4*j - 378 = 0. What is the tens digit of ((-10)/(-3))/(36/t)?
3
Suppose 3326 = 5*b - 1069. What is the hundreds digit of b?
8
Let s = 31 - 27. Let x(a) = -13*a - 1. Let y(t) = t. Let j(q) = -x(q) - 5*y(q). What is the tens digit of j(s)?
3
Let g(n) = -n**3 - 4*n**2 - 3*n + 2. Let p = 47 + -27. Let a be 1 - (p/4 + -1). What is the units digit of g(a)?
2
Let k(w) be the first derivative of 3*w**2/2 + 2*w - 7. Let n be k(1). What is the units digit of (n/(-4))/(4/(-96))?
0
Let d = 5 + -2. Suppose -d*i = -2*s - 38, -2*i + 0*i - 48 = 2*s. Let q = s + 27. What is the units digit of q?
5
Let w = 2543 - 547. What is the tens digit of w?
9
Let h = 1089 + -388. What is the units digit of h?
1
What is the thousands digit of 10/(-195) + (-164742)/(-117)?
1
Suppose 0 = 15*i - 226 + 46. What is the tens digit of 3/(-9) - 4*(-298)/i?
9
Suppose 50 = 3*a + 20. Suppose z + a = 6*z. What is the units digit of 11 + 4 + z + -2?
5
Suppose -d - 3*q + 6*q + 867 = 0, -3*d + 2641 = q. What is the tens digit of d?
7
Let x = 648 + -61. What is the hundreds digit of x?
5
Let r be 152/32*(2 - -2). Let f = r - -3. What is the tens digit of 818/f + (-2)/11?
3
Suppose 62*x + 2548 = 66*x. What is the hundreds digit of x?
6
Suppose 11790 = 14*f + f. What is the tens digit of f?
8
Suppose 0 = -k - 3 - 5. Let x = -2 + k. Let s(p) = p**2 + 8*p - 9. What is the tens digit of s(x)?
1
What is the hundreds digit of (-18 + -16)/(6/(-231))?
3
Let y = 2161 + -271. What is the tens digit of y?
9
Suppose -5*l + 23 = -7. Let g(q) = q**3 - 4*q**2 + 2*q - 5. What is the tens digit of g(l)?
7
Let l(t) = -209*t + 388. What is the thousands digit of l(-4)?
1
Let m(d) = 6*d**2 - d + 1. Suppose -3 = -3*u + 5*o, -3*o + 5 = 8*u - 3*u. Let t be m(u). Suppose 0 = t*g - 12 - 6. What is the units digit of g?
3
Suppose -1992 = -5*k + 2*p, k - 2*p - 485 + 85 = 0. What is the units digit of k?
8
Let i = 4199 - 1671. What is the hundreds digit of i?
5
Let n(y) = -2*y**3 + 3*y**2 + y + 541. What is the hundreds digit of n(0)?
5
Suppose -4*i - 12 = 0, 2*y + i = 819 + 236. What is the hundreds digit of y?
5
Let r(u) = 22*u + 1239. What is the units digit of r(0)?
9
Let n be -1*2 + (-4 - -8). Suppose -7 = -4*l + n*g - 1, -2*g - 10 = 0. What is the tens digit of 57/2 + l/(-2)?
2
Let f = 18 + -21. Let y be (f/(-15) - 1)*5. Let z(k) = -k**2 - 11*k - 8. What is the units digit of z(y)?
0
Let m(v) = -3*v**2 + 5*v - 3. Let c(s) = -4*s**2 + 5*s - 3. Let b(y) = 2*c(y) - 3*m(y). What is the units digit of b(6)?
9
Let x(u) = u**2 - u + 1. Let k be x(2). Suppose 5 = k*g + 38. What is the tens digit of 4*g*4/(-16)?
1
Suppose 4*l - 2986 = -2*r, -23*r + 26*r + 2253 = 3*l. What is the hundreds digit of l?
7
Suppose 28*x = 29*x - 1110. Suppose -x = 7*s - 13*s. What is the tens digit of s?
8
Suppose 0 = 3*l + 3*x + 18, -10 + 1 = -l + 2*x. Let k(g) = -48*g - 2. What is the units digit of k(l)?
6
Suppose 0 = p - 7*i + 2*i - 5, 0 = -p - i - 19. Let n = 6 - p. What is the units digit of n?
1
Suppose -6*r + r + 20 = 0. Let j be (-1)/2 - (-14)/r.